- 3. Let l be h(7). Suppose 7 = -g + l. Does 12 divide g?
False
Let h = 1163 + -283. Does 44 divide h?
True
Let w = 15 - 13. Suppose -w*r = -r. Suppose r = -5*b + 110 + 10. Does 6 divide b?
True
Let t be 147/6 + (-5)/10. Let v be -12*-3*2/t. Is 22 a factor of 12/3*33/v?
True
Let z(w) = -w**3 + 9*w**2 + 14*w - 7. Suppose 4*s = 3*h - 96, -5*s - 20 = -2*h + 37. Let o = -26 + h. Is z(o) a multiple of 7?
False
Suppose 0 = -34*j + 41*j - 2037. Is j a multiple of 8?
False
Is 14 a factor of 7*37 - (-55 - -58)?
False
Is 11 a factor of 16770/135 - (-6)/(-27)?
False
Suppose -457 + 32 = -5*a + 5*c, 2*c - 166 = -2*a. Suppose 810 = 6*x + a. Does 35 divide x?
False
Suppose -5*b + 4*z - 222 = 0, -b = -3*b - 4*z - 72. Let k = -22 - b. Is 10 a factor of k?
True
Let g(j) = 54*j + 5. Is 6 a factor of g(6)?
False
Is 5 a factor of 14/(-2) + 5508/9?
True
Suppose 0 = 5*k - 2*k - 54. Suppose q = 2, -5*l + 0*q = q - 67. Let f = k - l. Is f a multiple of 2?
False
Let a(g) = 5*g - 3*g + 9 - 4*g. Let h be a(0). Is 13/((18/8)/h) a multiple of 13?
True
Suppose 2*u = 8, -3*c - 3 - 8 = -5*u. Suppose 5*r - v - 60 = 0, 4*r = -c*v - 2*v + 77. Is r a multiple of 5?
False
Let d be (-6)/3 + 1 - -11. Suppose -2*t = -0*t + d. Is 3 a factor of (-39)/t + (-2)/(-10)?
False
Let r(b) = -3*b - 15. Let p be r(-6). Suppose -47 + 252 = 4*s + p*d, 3*d = 4*s - 235. Is s a multiple of 21?
False
Let d be -5*(2 - 14/10). Let r(q) = -37*q - 1. Is r(d) a multiple of 22?
True
Suppose -14 = -4*u + 2. Suppose -u*n - 5*p = -8, 6*n - 8 = 2*n - 2*p. Suppose -n = -2*w, 2*w + 26 = b - 3*w. Does 11 divide b?
False
Let w = -106 - -108. Suppose 8 = -w*n + 6*n, -4*h - 3*n + 566 = 0. Is h a multiple of 20?
True
Suppose 4*o = p - 86, 16*p - 2*o + 104 = 17*p. Is 9 a factor of p?
False
Suppose -3613 = -2*y - q + 5520, -y + 2*q + 4554 = 0. Does 14 divide y?
True
Suppose 1159 = 4*j - 737. Does 21 divide j?
False
Suppose -5*u = -4*y - 3010, -2*u + 71*y + 1204 = 66*y. Is 7 a factor of u?
True
Let j = 3431 - 2706. Is 12 a factor of j?
False
Let p(u) = -355*u**3 - 2*u**2 + u - 1. Let w be p(1). Let x = w + 501. Is 8 a factor of x?
True
Is (((-1296)/30)/(-4))/((-12)/(-40)) even?
True
Let y = -305 + 1235. Is 15 a factor of y?
True
Suppose o = 3*j + 6, 0 = -o + j - 0*j. Does 8 divide 270/36*(-4)/o?
False
Suppose f - 2*f + 200 = 0. Let g be ((-36)/10)/((-15)/f). Suppose 2*s - 2*q - 52 = g, s = 5*q + 46. Does 17 divide s?
True
Let w(c) = 3*c**2 + 31*c + 25. Is w(14) a multiple of 48?
False
Let q be (2 - 3)*-1*2. Suppose q*w = 4*w - 2, -4*v - w = -225. Is v a multiple of 8?
True
Let g(t) = 42*t + 123. Is 24 a factor of g(7)?
False
Let n(g) = 248*g + 1. Let l be (11 + -5 - 5)/1. Is 14 a factor of n(l)?
False
Let a be 2 + 27/3 + -1. Let v = a + -10. Suppose v*k = 5*k - 45. Is 3 a factor of k?
True
Suppose 30 = -3*d + 9. Let x = 9 + d. Suppose 0 = -5*j - x + 37. Is 2 a factor of j?
False
Let g = 384 + -216. Does 6 divide g?
True
Let m(g) = -64*g - 16. Let k be m(-5). Suppose 32*y - 36*y = -k. Is y a multiple of 15?
False
Suppose -3*l = 3*t - 792, 4*l + 1028 = 4*t - 20. Is t a multiple of 2?
False
Suppose -9*v + 543 = -2508. Is 13 a factor of v?
False
Suppose 5*q = -106 + 576. Suppose -3*l + 2*l = q. Let v = l - -184. Does 30 divide v?
True
Let s(c) = c**2 - 6*c + 7. Let b be s(5). Suppose -5*w + 304 = b*k, w - k = -w + 118. Let i = -23 + w. Is i a multiple of 10?
False
Let g be ((-5)/5)/(2/(-24)). Let j = 15 - g. Is 14 a factor of (28 - 1) + (6 - j)?
False
Suppose 3*a = -3*y + 5 - 23, -2*a = -5*y - 9. Let p(o) = -o**3 + 2*o**2 - 2*o. Is p(y) a multiple of 11?
False
Suppose -6*r - 192 = -0*r. Let j be (-561)/6 + (-2)/4. Let l = r - j. Is 12 a factor of l?
False
Let p(z) = 1 - 1 + 23*z + 151*z. Let h be p(2). Suppose 0 = 4*r - 3*t - h, r - 261 = -2*r + 5*t. Does 29 divide r?
True
Let q(s) = -s**3 - 4*s**2 + s - 4. Let d be q(-4). Let a(o) = -4*o + 8. Is a(d) a multiple of 28?
False
Suppose -v = -2*x - 6*v + 403, -x - v + 203 = 0. Let a be 60/40*(-20)/(-3). Is x/a - 10/25 a multiple of 5?
True
Let o be ((-2)/3)/(2/(-15)). Suppose 0*q = o*q - 3*f - 434, 172 = 2*q - 2*f. Is q a multiple of 11?
True
Suppose -3*k - 3*p = -705, -2*k + 4*p = -k - 210. Is k a multiple of 23?
True
Suppose 0*p - 5 = -5*p. Let n be 2 + (0/p - -2). Does 28 divide 3 + (n - (0 - 90))?
False
Suppose -1111 = -5*z + 339. Does 14 divide z?
False
Suppose w = t - 0*t - 1, -2*w = t + 8. Let i(j) = -17*j - 8. Does 6 divide i(t)?
False
Suppose 2*g = 3*b + 2, 3*b = -0*b - 3*g + 18. Suppose -b*f - 119 = -333. Let d = f - 62. Is 18 a factor of d?
False
Suppose 388 = -4*v + 2*l + 3*l, 0 = 3*l. Let m = v - -266. Is 23 a factor of m?
False
Suppose 5*q + 652 = 4*d, 162 = 4*d - 4*q - 490. Let c be (-2)/(1/(d/(-2))). Let j = -98 + c. Is 11 a factor of j?
False
Let g = 10 + -1. Suppose 0 = 13*m - g*m - 32. Does 3 divide m?
False
Suppose -4*h = -3*x + 144, 3*h - 48 = -x - 2*h. Let u be ((-16)/6)/((-22)/(-33)). Let i = x + u. Is 10 a factor of i?
False
Let n be ((-3)/(8 + 4))/((-1)/(-4)). Is 13 a factor of 5 - 5 - (n + -77)?
True
Does 4 divide -3 - (5799/(-15) + (-6)/15)?
True
Let n be ((-1)/2)/(11/814). Let j = 65 + n. Does 11 divide j?
False
Suppose 18 = -r + 22. Suppose 20 = -r*o, 44 = 2*j - j - o. Does 18 divide j?
False
Suppose 350 - 68 = o. Is o a multiple of 12?
False
Let q(s) = 27*s - 3. Let w(i) = -i**3 - i**2 + i + 5. Let y be w(0). Let z be q(y). Suppose t + 3*t = z. Is 11 a factor of t?
True
Let i(h) = 3*h + 20. Let w = 59 - 59. Does 5 divide i(w)?
True
Let b(j) = -j**3 - 9*j**2 - 11*j - 3. Let m be b(-8). Suppose 0 = h - 2*o + 21, -3*o = -h - 8*o - m. Does 2 divide 6*(-2 + h/(-9))?
True
Suppose 271 = 17*p - 3690. Is p a multiple of 3?
False
Let o(n) = 3*n - 13*n - 5*n - 63 - 11*n. Is o(-5) a multiple of 5?
False
Let z = 34 + 76. Let k = -56 + z. Is 18 a factor of k?
True
Suppose -95*c = -12*c - 60839. Is 21 a factor of c?
False
Suppose -17*m - 89 = -18*m. Does 3 divide m?
False
Suppose -16*g + 4424 = -1768. Suppose 139 = 2*v - g. Does 12 divide v?
False
Suppose 29*x = -13*x + 200508. Does 76 divide x?
False
Suppose 0 = 4*d - 26 + 6. Suppose d*b = 182 + 138. Suppose 4*c - b = -3*m, -c - 15 = 2*c. Does 7 divide m?
True
Suppose 0 = 2*y + h - 115, 0*h - 224 = -4*y + 4*h. Let s(u) = -u - 4. Let o be s(-7). Suppose -y - 72 = -o*q. Is q a multiple of 25?
False
Let c = 1893 + -1110. Suppose 4*p = b + c - 60, -p = -b - 183. Is 36 a factor of p?
True
Let l(n) = n**3 + 14*n**2 - 14*n + 31. Is 16 a factor of l(-15)?
True
Let p = -55 - -136. Let s be (21 - -5)/(1/2). Let o = p - s. Is o a multiple of 29?
True
Let u(f) = f**2 - 4*f - 3. Let z(t) = 2*t + 3. Let p = 7 - 10. Let l be z(p). Is 14 a factor of u(l)?
False
Let o(v) = v + 6. Let a be o(0). Suppose 3*f + 10 - 1 = 5*y, 4*y + 2*f = -a. Suppose -10*d + 11*d - 32 = y. Does 8 divide d?
True
Let m(x) = -2*x**2 - 7*x. Let d(y) = y**2 + y - 1. Let z(f) = 4*d(f) + m(f). Let c be z(3). Suppose 43 - 168 = -c*q. Does 6 divide q?
False
Let k(z) = -z**3 - 15*z**2 - 3. Let c be k(-15). Let y(x) = x**3 + 6*x**2 + 6. Is y(c) a multiple of 5?
False
Let r = 10 - 9. Let z(q) = -q. Let v(m) = 24*m + 2. Let y(b) = 2*v(b) + 4*z(b). Does 12 divide y(r)?
True
Let z = -535 + 736. Is 14 a factor of z?
False
Let d be 242/28*-4 - (-48)/(-112). Is d/10 - -5 - (-1138)/4 a multiple of 26?
True
Let m(s) = -108*s - 4 + 16 + 111*s. Is 2 a factor of m(9)?
False
Let o = -1612 + 2440. Does 28 divide o?
False
Let a = -1694 - -2550. Does 67 divide a?
False
Let c = 19 + -20. Is 21 a factor of (-211)/(-2) - 2/(-4)*c?
True
Let m = -105 + 183. Does 39 divide m?
True
Let m(z) = -2*z - 2. Let n be m(11). Let s = 24 + n. Is 14 a factor of 66 - s - 5/5?
False
Let d be -6*((-8)/3 - -3). Let p be 2342/13 - d/(-13). Is 12 a factor of (6/(-4))/((-9)/p)?
False
Is 3 a factor of 36 + 1 - (-8)/(-24)*3?
True
Let f = -554 - -642. Is 2 a factor of f?
True
Let a = 97 + 95. Does 2 divide a?
True
Suppose 0 = -6*r + 491 - 2279. Let t = -156 - r. Does 18 divide t?
False
Suppose 5*f = 7*f - u - 571, -f = 5*u - 313. Is 8 a factor of f?
True
Suppose 10*f = 5*f - 20. Let x(p) = -7*p - 14. Is x(f) a multiple of 7?
True
Suppose 10*h = 277 + 23. Does 2 divide (-11)/(-2) - h/20?
True
Is (-10 - (-294)/28)/(1/386) a multiple of 16?
False
Suppose 2*f + 11 = 2*d + 7, -2*d + 4 = 0. Suppose f = 4*